{"id":4521,"date":"2024-02-21T19:22:12","date_gmt":"2024-02-21T19:22:12","guid":{"rendered":"https:\/\/www.esbb.pt\/web\/?page_id=4521"},"modified":"2024-04-30T00:01:29","modified_gmt":"2024-04-29T23:01:29","slug":"exames-2024","status":"publish","type":"page","link":"https:\/\/www.esbb.pt\/web\/exames-2024\/","title":{"rendered":"Exames 2024"},"content":{"rendered":"<div id=\"pl-4521\"  class=\"panel-layout\" ><div id=\"pg-4521-0\"  class=\"panel-grid panel-has-style\" ><div class=\"siteorigin-panels-stretch panel-row-style panel-row-style-for-4521-0\" data-stretch-type=\"full-width-stretch\" ><div id=\"pgc-4521-0-0\"  class=\"panel-grid-cell\" ><div id=\"panel-4521-0-0-0\" class=\"so-panel widget_sow-image panel-first-child panel-last-child\" data-index=\"0\" ><div\n\t\t\t\n\t\t\tclass=\"so-widget-sow-image so-widget-sow-image-default-c4f6304fc136-4521\"\n\t\t\t\n\t\t>\n<div class=\"sow-image-container\">\n\t\t<img \n\tsrc=\"https:\/\/www.esbb.pt\/web\/wp-content\/uploads\/2024\/02\/Banner_exames2024.jpg\" width=\"1506\" height=\"262\" srcset=\"https:\/\/www.esbb.pt\/web\/wp-content\/uploads\/2024\/02\/Banner_exames2024.jpg 1506w, https:\/\/www.esbb.pt\/web\/wp-content\/uploads\/2024\/02\/Banner_exames2024-300x52.jpg 300w, https:\/\/www.esbb.pt\/web\/wp-content\/uploads\/2024\/02\/Banner_exames2024-1024x178.jpg 1024w, https:\/\/www.esbb.pt\/web\/wp-content\/uploads\/2024\/02\/Banner_exames2024-768x134.jpg 768w\" sizes=\"(max-width: 1506px) 100vw, 1506px\" alt=\"\" \t\tclass=\"so-widget-image\"\/>\n\t<\/div>\n\n<\/div><\/div><\/div><\/div><\/div><div id=\"pg-4521-1\"  class=\"panel-grid panel-has-style\" ><div class=\"panel-row-style panel-row-style-for-4521-1\" ><div id=\"pgc-4521-1-0\"  class=\"panel-grid-cell\" ><div id=\"panel-4521-1-0-0\" class=\"so-panel widget_sow-editor panel-first-child panel-last-child\" data-index=\"1\" ><div\n\t\t\t\n\t\t\tclass=\"so-widget-sow-editor so-widget-sow-editor-base\"\n\t\t\t\n\t\t>\n<div class=\"siteorigin-widget-tinymce textwidget\">\n\t<h1>EXAMES 2024<\/h1>\n<hr \/>\n<p><strong>Informa\u00e7\u00e3o n.\u00ba 13 (29 de abril)<\/strong><\/p>\n<p>No site do IAVE, foram disponibilizadas as <strong>Instru\u00e7\u00f5es de realiza\u00e7\u00e3o, cota\u00e7\u00f5es, crit\u00e9rios gerais de classifica\u00e7\u00e3o e material<\/strong> das provas de avalia\u00e7\u00e3o externa de 2023\/2024. O acesso a cada c\u00f3digo de prova \u00e9 feito atrav\u00e9s do <a href=\"https:\/\/iave.pt\/wp-content\/uploads\/2024\/04\/IR-Geral-2024.pdf\" target=\"_blank\" rel=\"noopener\">link<\/a><\/p>\n<hr \/>\n<p><strong>Informa\u00e7\u00e3o n.\u00ba 12 (14 de mar\u00e7o)<\/strong><\/p>\n<p>O candidato que n\u00e3o realiza provas em 2024, mas pretende a ficha ENES 2024 por ter provas de ingresso v\u00e1lidas realizadas nos anos anteriores como deve proceder?<\/p>\n<p>Para a sua candidatura ao ensino superior em 2024, tem obrigatoriamente de se inscrever na <strong><a href=\"https:\/\/jnepiepe.dge.mec.pt\/site\/login\" target=\"_blank\" rel=\"noopener\">PIEPE<\/a><\/strong>.<\/p>\n<hr \/>\n<p><strong>Informa\u00e7\u00e3o n.\u00ba 11 (14 de mar\u00e7o)<\/strong><\/p>\n<p>A <strong><a href=\"https:\/\/files.diariodarepublica.pt\/2s\/2024\/03\/052000000\/0011200113.pdf\" target=\"_blank\" rel=\"noopener\">Delibera\u00e7\u00e3o n.\u00ba 317\/2024<\/a><\/strong>, de 13 de mar\u00e7o, estabelece a correspond\u00eancia entre os exames nacionais do ensino secund\u00e1rio e as provas de ingresso na candidatura ao ensino superior de 2024-2025.<\/p>\n<hr \/>\n<p><strong>Informa\u00e7\u00e3o n.\u00ba 10 [14 de mar\u00e7o]<\/strong><\/p>\n<p>A <strong><a href=\"https:\/\/files.diariodarepublica.pt\/2s\/2024\/03\/052000000\/0007000111.pdf\" target=\"_blank\" rel=\"noopener\">Delibera\u00e7\u00e3o n.\u00ba 316\/2024<\/a><\/strong>, de 13 de mar\u00e7o, fixa os pr\u00e9-requisitos exigidos em determinados cursos para a candidatura \u00e0 matr\u00edcula e inscri\u00e7\u00e3o no ensino superior no ano letivo de 2024-2025.<\/p>\n<hr \/>\n<p><strong>Informa\u00e7\u00e3o n.\u00ba 09 [22 de fevereiro]<\/strong><\/p>\n<p>A defini\u00e7\u00e3o dos cursos existentes e as respetivas provas de ingresso necess\u00e1rias \u00e0 respetiva candidatura est\u00e3o dispon\u00edveis em <a href=\"https:\/\/www.dges.gov.pt\/guias\/\" target=\"_blank\" rel=\"noopener\">https:\/\/www.dges.gov.pt\/guias\/<\/a>.<\/p>\n<hr \/>\n<p><strong>Informa\u00e7\u00e3o n.\u00ba 08 [22 de fevereiro]<\/strong><\/p>\n<p>As inscri\u00e7\u00f5es para as provas nacionais s\u00e3o feitas online na Plataforma de Inscri\u00e7\u00e3o Eletr\u00f3nica em Provas e Exames (PIEPE) entre <strong>26 de fevereiro e 8 de mar\u00e7o<\/strong> no site dispon\u00edvel em <a href=\"https:\/\/jnepiepe.dge.mec.pt\/site\/login\" target=\"_blank\" rel=\"noopener\">https:\/\/jnepiepe.dge.mec.pt\/site\/login<\/a><\/p>\n<hr \/>\n<p><strong>Informa\u00e7\u00e3o n.\u00ba 07 [22 de fevereiro]<\/strong><\/p>\n<p>O aluno que n\u00e3o tenha cart\u00e3o de cidad\u00e3o tem de solicitar junto dos Servi\u00e7os Administrativos da escola a atribui\u00e7\u00e3o de um <strong>n\u00famero interno<\/strong> apresentando para o efeito o seu passaporte, c\u00e9dula, t\u00edtulo de resid\u00eancia, etc. O espa\u00e7o na PIEPE reservado ao registo do seu documento de identifica\u00e7\u00e3o \u00e9 preenchido com o n\u00famero interno. Sem este n\u00famero interno n\u00e3o conseguir\u00e1 fazer a sua inscri\u00e7\u00e3o na PIEPE.<\/p>\n<hr \/>\n<p><strong>Informa\u00e7\u00e3o n.\u00ba 06 [22 de fevereiro]<\/strong><\/p>\n<p>Os alunos que sejam candidatos ao ensino superior em 2024 ter\u00e3o de pedir atribui\u00e7\u00e3o de senha preenchendo o formul\u00e1rio de pedido de atribui\u00e7\u00e3o de senha e seguir as instru\u00e7\u00f5es apresentadas em https:\/\/www.dges.gov.pt\/online\/SenhaAcesso\/Pedir.aspx?plid=593<\/p>\n<hr \/>\n<p><strong>Informa\u00e7\u00e3o n.\u00ba 05 [22 de fevereiro]<\/strong><\/p>\n<p>Aconselhamos a consulta do <strong><a href=\"https:\/\/www.dges.gov.pt\/guias\/pdfs\/GuiaGeralExames2024.pdf\" target=\"_blank\" rel=\"noopener\">Guia Geral de Exames 2024<\/a>.<\/strong><\/p>\n<hr \/>\n<p><strong>Informa\u00e7\u00e3o n.\u00ba 04 [22 de fevereiro]<\/strong><\/p>\n<p>Foi publicado o <strong><a href=\"https:\/\/diariodarepublica.pt\/dr\/detalhe\/despacho-normativo\/4-2024-853247354\" target=\"_blank\" rel=\"noopener\">Despacho Normativo n.\u00ba 4\/2024<\/a><\/strong>, de 22 de fevereiro, que aprova o <strong>Regulamento das Provas de Avalia\u00e7\u00e3o Externa e das Provas de Equival\u00eancia \u00e0 Frequ\u00eancia dos Ensinos B\u00e1sico e Secund\u00e1rio<\/strong> para o ano letivo de 2023-2024.<\/p>\n<hr \/>\n<p><strong>Informa\u00e7\u00e3o n.\u00ba 03 [19 de fevereiro]<\/strong><\/p>\n<p>A Dire\u00e7\u00e3o-Geral de Educa\u00e7\u00e3o (DGE) remeteu para as escolas o <a href=\"https:\/\/www.dge.mec.pt\/sites\/default\/files\/JNE\/utilizacao_de_calculadoras_no_ensino_basico_e_no_ensino_secundario_2023_2024_dge.pdf\" target=\"_blank\" rel=\"noopener\">Of\u00edcio-circular <\/a>com as orienta\u00e7\u00f5es relativas ao tipo de calculadoras a utilizar no Ensino Secund\u00e1rio, mais concretamente nos exames finais nacionais de Economia A, F\u00edsica e Qu\u00edmica A, Matem\u00e1tica A, Matem\u00e1tica B e Matem\u00e1tica Aplicada \u00e0s Ci\u00eancias Sociais em 2023-2024.<\/p>\n<p>Os candidatos a exame que possuam um modelo de m\u00e1quina suscet\u00edvel de levantar d\u00favidas dever\u00e3o, at\u00e9 31 de maio, impreterivelmente, pedir na Escola onde se inscrevem a confirma\u00e7\u00e3o da possibilidade de utilizar a mesma no EXAME. Compete \u00e0 escola verificar se as carater\u00edsticas das m\u00e1quinas apresentadas pelos alunos est\u00e3o de acordo com as normas definidas no presente Of\u00edcio-circular, podendo para isso consultar os sites das marcas respetivas, e\/ou os contactos a\u00ed referidos para os devidos esclarecimentos.<\/p>\n<hr \/>\n<p><strong>Informa\u00e7\u00e3o n.\u00ba 02 [19 de fevereiro]<\/strong><\/p>\n<p>Caso pretenda aceder \u00e0s Informa\u00e7\u00f5es-Prova 2023\/2024 das provas de avalia\u00e7\u00e3o externa disponibilizadas pelo IAVE, dever\u00e1 seguir este <a href=\"https:\/\/iave.pt\/provas-e-exames\/informacoes\/\" target=\"_blank\" rel=\"noopener\">link<\/a>.<\/p>\n<blockquote class=\"wp-embedded-content\" data-secret=\"MYtqRFl7BK\"><p><a href=\"https:\/\/iave.pt\/provas-e-exames\/informacoes\/\">Informa\u00e7\u00f5es-Prova 2023\/2024<\/a><\/p><\/blockquote>\n<p><iframe loading=\"lazy\" class=\"wp-embedded-content\" sandbox=\"allow-scripts\" security=\"restricted\" style=\"position: absolute; clip: rect(1px, 1px, 1px, 1px);\" title=\"&#8220;Informa\u00e7\u00f5es-Prova 2023\/2024&#8221; &#8212; IAVE\" src=\"https:\/\/iave.pt\/provas-e-exames\/informacoes\/embed\/#?secret=MYtqRFl7BK\" data-secret=\"MYtqRFl7BK\" width=\"600\" height=\"338\" frameborder=\"0\" marginwidth=\"0\" marginheight=\"0\" scrolling=\"no\"><\/iframe><\/p>\n<hr \/>\n<p><strong>Informa\u00e7\u00e3o n.\u00ba 01 [19 de fevereiro]<\/strong><\/p>\n<p>Atrav\u00e9s da consulta do calend\u00e1rio escolar \u2013 <a href=\"https:\/\/diariodarepublica.pt\/dr\/detalhe\/despacho\/8356-2022-185829850\" target=\"_blank\" rel=\"noopener\">Despacho n.\u00ba 8356\/2022<\/a>, de 8 de julho, com altera\u00e7\u00f5es constantes do <a href=\"https:\/\/diariodarepublica.pt\/dr\/detalhe\/despacho\/3232-b-2023-208462726\" target=\"_blank\" rel=\"noopener\">Despacho n.\u00ba 3232-B\/2023<\/a>, de 10 de mar\u00e7o, e poder\u00e1 aferir a data das provas nacionais em 2024.<\/p>\n<\/div>\n<\/div><\/div><\/div><div id=\"pgc-4521-1-1\"  class=\"panel-grid-cell\" ><div id=\"panel-4521-1-1-0\" class=\"so-panel widget_sow-editor panel-first-child\" data-index=\"2\" ><div class=\"panel-widget-style panel-widget-style-for-4521-1-1-0\" ><div\n\t\t\t\n\t\t\tclass=\"so-widget-sow-editor so-widget-sow-editor-base\"\n\t\t\t\n\t\t>\n<div class=\"siteorigin-widget-tinymce textwidget\">\n\t<div style=\"background-color: #415a99; text-align: center; padding-top: 20px; padding-bottom: 10px;\">\n<div><a href=\"alunos-pagina-menu\"><span style=\"color: #ffffff;\"><i class=\"fa fa-users fa-3x\"><\/i><\/span><\/a><\/div>\n<div><a href=\"alunos-pagina-menu\"><span style=\"color: #ffffff; font-size: 22pt;\">Alunos<\/span><\/a><\/div>\n<\/div>\n<\/div>\n<\/div><\/div><\/div><div id=\"panel-4521-1-1-1\" class=\"so-panel widget_nav_menu panel-last-child\" data-index=\"3\" ><div class=\"panel-widget-style panel-widget-style-for-4521-1-1-1\" ><div class=\"menu-alunos-menu-container\"><ul id=\"menu-alunos-menu\" class=\"menu\"><li id=\"menu-item-4524\" class=\"menu-item menu-item-type-post_type menu-item-object-page menu-item-4524\"><a href=\"https:\/\/www.esbb.pt\/web\/exames-2024\/\">Exames 2024<\/a><\/li>\n<li id=\"menu-item-4328\" class=\"menu-item menu-item-type-custom menu-item-object-custom menu-item-4328\"><a href=\"https:\/\/aebbva.pt\/manuais-escolares-2024-2025\/\">Manuais Escolares<\/a><\/li>\n<li id=\"menu-item-4362\" class=\"menu-item menu-item-type-custom menu-item-object-custom menu-item-4362\"><a href=\"http:\/\/cursos.esbb.pt\/\">Cursos<\/a><\/li>\n<li id=\"menu-item-706\" class=\"menu-item menu-item-type-post_type menu-item-object-page menu-item-706\"><a href=\"https:\/\/www.esbb.pt\/web\/alunos-pagina-menu\/rvcccno\/\">RVCC\/CNO<\/a><\/li>\n<\/ul><\/div><\/div><\/div><\/div><\/div><\/div><\/div>","protected":false},"excerpt":{"rendered":"<p>EXAMES 2024 Informa\u00e7\u00e3o n.\u00ba 13 (29 de abril) No site do IAVE, foram disponibilizadas as Instru\u00e7\u00f5es de realiza\u00e7\u00e3o, cota\u00e7\u00f5es, crit\u00e9rios gerais de classifica\u00e7\u00e3o e material das provas de avalia\u00e7\u00e3o externa de 2023\/2024. O acesso a cada c\u00f3digo de prova \u00e9 feito atrav\u00e9s do link Informa\u00e7\u00e3o n.\u00ba 12 (14 de mar\u00e7o) O candidato que n\u00e3o realiza &#8230; <a title=\"Exames 2024\" class=\"read-more\" href=\"https:\/\/www.esbb.pt\/web\/exames-2024\/\" aria-label=\"Leia mais sobre Exames 2024\">Ler mais<\/a><\/p>\n","protected":false},"author":1,"featured_media":0,"parent":0,"menu_order":0,"comment_status":"closed","ping_status":"closed","template":"","meta":{"footnotes":""},"class_list":["post-4521","page","type-page","status-publish"],"_links":{"self":[{"href":"https:\/\/www.esbb.pt\/web\/wp-json\/wp\/v2\/pages\/4521","targetHints":{"allow":["GET"]}}],"collection":[{"href":"https:\/\/www.esbb.pt\/web\/wp-json\/wp\/v2\/pages"}],"about":[{"href":"https:\/\/www.esbb.pt\/web\/wp-json\/wp\/v2\/types\/page"}],"author":[{"embeddable":true,"href":"https:\/\/www.esbb.pt\/web\/wp-json\/wp\/v2\/users\/1"}],"replies":[{"embeddable":true,"href":"https:\/\/www.esbb.pt\/web\/wp-json\/wp\/v2\/comments?post=4521"}],"version-history":[{"count":4,"href":"https:\/\/www.esbb.pt\/web\/wp-json\/wp\/v2\/pages\/4521\/revisions"}],"predecessor-version":[{"id":4538,"href":"https:\/\/www.esbb.pt\/web\/wp-json\/wp\/v2\/pages\/4521\/revisions\/4538"}],"wp:attachment":[{"href":"https:\/\/www.esbb.pt\/web\/wp-json\/wp\/v2\/media?parent=4521"}],"curies":[{"name":"wp","href":"https:\/\/api.w.org\/{rel}","templated":true}]}}