{"id":168,"date":"2017-05-12T13:04:46","date_gmt":"2017-05-12T13:04:46","guid":{"rendered":"http:\/\/www.esbb.pt\/web\/?page_id=168"},"modified":"2019-03-25T16:51:50","modified_gmt":"2019-03-25T16:51:50","slug":"associacao-de-estudantes","status":"publish","type":"page","link":"https:\/\/www.esbb.pt\/web\/comunidade-pagina-menu\/associacao-de-estudantes\/","title":{"rendered":"Associa\u00e7\u00e3o de Estudantes"},"content":{"rendered":"<div id=\"pl-168\"  class=\"panel-layout\" ><div id=\"pg-168-0\"  class=\"panel-grid panel-has-style\" ><div class=\"siteorigin-panels-stretch panel-row-style panel-row-style-for-168-0\" data-stretch-type=\"full-stretched\" ><div id=\"pgc-168-0-0\"  class=\"panel-grid-cell\" ><div id=\"panel-168-0-0-0\" class=\"so-panel widget_sow-image panel-first-child panel-last-child\" data-index=\"0\" ><div\n\t\t\t\n\t\t\tclass=\"so-widget-sow-image so-widget-sow-image-default-c4f6304fc136-168\"\n\t\t\t\n\t\t>\n<div class=\"sow-image-container\">\n\t\t<img \n\tsrc=\"https:\/\/www.esbb.pt\/web\/wp-content\/uploads\/2017\/05\/esbb_banner_comunidade_02.jpg\" width=\"1506\" height=\"262\" srcset=\"https:\/\/www.esbb.pt\/web\/wp-content\/uploads\/2017\/05\/esbb_banner_comunidade_02.jpg 1506w, https:\/\/www.esbb.pt\/web\/wp-content\/uploads\/2017\/05\/esbb_banner_comunidade_02-300x52.jpg 300w, https:\/\/www.esbb.pt\/web\/wp-content\/uploads\/2017\/05\/esbb_banner_comunidade_02-768x134.jpg 768w, https:\/\/www.esbb.pt\/web\/wp-content\/uploads\/2017\/05\/esbb_banner_comunidade_02-1024x178.jpg 1024w\" sizes=\"(max-width: 1506px) 100vw, 1506px\" title=\"SONY DSC\" alt=\"\" \t\tclass=\"so-widget-image\"\/>\n\t<\/div>\n\n<\/div><\/div><\/div><\/div><\/div><div id=\"pg-168-1\"  class=\"panel-grid panel-has-style\" ><div class=\"panel-row-style panel-row-style-for-168-1\" ><div id=\"pgc-168-1-0\"  class=\"panel-grid-cell\" ><div id=\"panel-168-1-0-0\" class=\"so-panel widget_sow-editor panel-first-child panel-last-child\" data-index=\"1\" ><div\n\t\t\t\n\t\t\tclass=\"so-widget-sow-editor so-widget-sow-editor-base\"\n\t\t\t\n\t\t>\n<div class=\"siteorigin-widget-tinymce textwidget\">\n\t<h1>Associa\u00e7\u00e3o de Estudantes<\/h1>\n<p><b>\"Participa\u00e7\u00e3o na Greve Clim\u00e1tica Estudantil - 15 de mar\u00e7o de 2019\"<\/b><\/p>\n<p><i>A Greve Clim\u00e1tica Estudantil, adapta\u00e7\u00e3o portuguesa do movimento internacional \"Fridays For Future\", foi o primeiro movimento que me fez mobilizar a nossa comunidade para as ruas de Set\u00fabal, para lutar pelo nosso futuro, que neste momento est\u00e1 em risco. Participaram aproximadamente 2 milh\u00f5es de alunos por todo o mundo, mais de 20 mil alunos em todo o pa\u00eds, em Set\u00fabal houve umas boas centenas de estudantes de v\u00e1rias idades que decidiram agir, numa mobiliza\u00e7\u00e3o verdadeiramente hist\u00f3rica e a AE\/ESBB n\u00e3o ficou de fora!<\/i><\/p>\n<p><i>Por vezes n\u00e3o \u00e9 f\u00e1cil participar nestes atos c\u00edvicos mas ser um bom cidad\u00e3o implica isso mesmo - esp\u00edrito de sacrif\u00edcio, for\u00e7a de vontade para lutar pelos nossos direitos e pelo que achamos mais justo. E quando estamos acompanhados por jovens como estes, fomentando a cidadania num verdadeiro ato altru\u00edsta, torna-se tudo mais f\u00e1cil.\u00a0<\/i><\/p>\n<p><i>Obrigado a todos os que decidiram acompanhar-me neste momento que, certamente, ficar\u00e1 para a hist\u00f3ria. Voc\u00eas s\u00e3o Enormes, mas n\u00e3o pensem que a luta acaba aqui, n\u00e3o!\u00a0Esta foi a primeira de muitas batalhas que teremos pela frente, pelo nosso ambiente, pelo nosso futuro!\u00a0<\/i><\/p>\n<p><i>N\u00e3o descansaremos at\u00e9 termos a certeza que teremos um amanh\u00e3!<\/i><\/p>\n<p><i>O Presidente da AE\/ESBB,<\/i><\/p>\n<p><i>Rodrigo Nascimento<\/i><\/p>\n<p><a href=\"http:\/\/www.esbb.pt\/web\/wp-content\/uploads\/2019\/03\/ae_2019_01.jpg\"><img loading=\"lazy\" decoding=\"async\" class=\"alignnone size-full wp-image-2427\" src=\"http:\/\/www.esbb.pt\/web\/wp-content\/uploads\/2019\/03\/ae_2019_01.jpg\" alt=\"\" width=\"1600\" height=\"1200\" srcset=\"https:\/\/www.esbb.pt\/web\/wp-content\/uploads\/2019\/03\/ae_2019_01.jpg 1600w, https:\/\/www.esbb.pt\/web\/wp-content\/uploads\/2019\/03\/ae_2019_01-300x225.jpg 300w, https:\/\/www.esbb.pt\/web\/wp-content\/uploads\/2019\/03\/ae_2019_01-768x576.jpg 768w, https:\/\/www.esbb.pt\/web\/wp-content\/uploads\/2019\/03\/ae_2019_01-1024x768.jpg 1024w\" sizes=\"auto, (max-width: 1600px) 100vw, 1600px\" \/><\/a> <a href=\"http:\/\/www.esbb.pt\/web\/wp-content\/uploads\/2019\/03\/ae_2019_02.jpg\"><img loading=\"lazy\" decoding=\"async\" class=\"alignnone size-full wp-image-2428\" src=\"http:\/\/www.esbb.pt\/web\/wp-content\/uploads\/2019\/03\/ae_2019_02.jpg\" alt=\"\" width=\"1600\" height=\"1200\" srcset=\"https:\/\/www.esbb.pt\/web\/wp-content\/uploads\/2019\/03\/ae_2019_02.jpg 1600w, https:\/\/www.esbb.pt\/web\/wp-content\/uploads\/2019\/03\/ae_2019_02-300x225.jpg 300w, https:\/\/www.esbb.pt\/web\/wp-content\/uploads\/2019\/03\/ae_2019_02-768x576.jpg 768w, https:\/\/www.esbb.pt\/web\/wp-content\/uploads\/2019\/03\/ae_2019_02-1024x768.jpg 1024w\" sizes=\"auto, (max-width: 1600px) 100vw, 1600px\" \/><\/a> <a href=\"http:\/\/www.esbb.pt\/web\/wp-content\/uploads\/2019\/03\/ae_2019_03.jpg\"><img loading=\"lazy\" decoding=\"async\" class=\"alignnone size-full wp-image-2429\" src=\"http:\/\/www.esbb.pt\/web\/wp-content\/uploads\/2019\/03\/ae_2019_03.jpg\" alt=\"\" width=\"1423\" height=\"951\" srcset=\"https:\/\/www.esbb.pt\/web\/wp-content\/uploads\/2019\/03\/ae_2019_03.jpg 1423w, https:\/\/www.esbb.pt\/web\/wp-content\/uploads\/2019\/03\/ae_2019_03-300x200.jpg 300w, https:\/\/www.esbb.pt\/web\/wp-content\/uploads\/2019\/03\/ae_2019_03-768x513.jpg 768w, https:\/\/www.esbb.pt\/web\/wp-content\/uploads\/2019\/03\/ae_2019_03-1024x684.jpg 1024w, https:\/\/www.esbb.pt\/web\/wp-content\/uploads\/2019\/03\/ae_2019_03-272x182.jpg 272w\" sizes=\"auto, (max-width: 1423px) 100vw, 1423px\" \/><\/a><\/p>\n<p>&nbsp;<\/p>\n<blockquote>\n<p><strong>Ata da Tomada de Posse dos \u00d3rg\u00e3os Sociais da Associa\u00e7\u00e3o de Estudantes \u00a0<\/strong><\/p>\n<p>A tr\u00eas de dezembro de dois mil e dezoito, pelas nove horas e trinta minutos, na Escola Secund\u00e1ria da Baixa da Banheira, no Vale da Amoreira, realizou-se a Tomada de Posse dos \u00f3rg\u00e3os sociais da Associa\u00e7\u00e3o de Estudantes da Escola Secund\u00e1ria da Baixa da Banheira.<\/p>\n<p>Como resultado das elei\u00e7\u00f5es de vinte e tr\u00eas de novembro de dois mil e dezoito, foi empossada a \u00fanica lista candidata, que assume cumprir as suas fun\u00e7\u00f5es, no ano letivo de 2018\/2019 sendo constitu\u00edda pelos seguintes elementos:<\/p>\n<\/blockquote>\n<h3><strong>Assembleia Geral<\/strong><\/h3>\n<ul id=\"listesbb\">\n<li>Presidente - Ricardo Martins (12\u00baCT)<\/li>\n<li>1\u00ba Secret\u00e1rio - Ericlene Mateus (10\u00baLH)<\/li>\n<li>2\u00ba Secret\u00e1rio - Alicia Semedo (10\u00baLH)<\/li>\n<\/ul>\n<h3><strong>Dire\u00e7\u00e3o<\/strong><\/h3>\n<ul id=\"listesbb\">\n<li>Presidente - Rodrigo Nascimento (12\u00baCT)<\/li>\n<li>Vice-Presidente - Maria Lima (10\u00baLH)<\/li>\n<li>1\u00baTesoureiro - Nuno Xavier (12\u00baLH)<\/li>\n<li>2\u00baTesoureiro - Eliana Miguel (10\u00baLH)<\/li>\n<li>Secret\u00e1rio - D\u00e1rcia Felisberto (10\u00baLH)<\/li>\n<li>1\u00bavogal - Josemara Filipe (10\u00baLH)<\/li>\n<li>2\u00bavogal - Cheinaz Silva (10\u00baLH)<\/li>\n<li>3\u00bavogal - Ruth Fernandes (10\u00baLH)<\/li>\n<\/ul>\n<h3><strong>Conselho Fiscal<\/strong><\/h3>\n<ul id=\"listesbb\">\n<li>Presidente - Jo\u00e3o Gomes (12\u00baLH)<\/li>\n<li>Secret\u00e1rio - Let\u00edcia Gomes (10\u00baLH)<\/li>\n<li>Relator - Diana Sebasti\u00e3o (10\u00baLH)<\/li>\n<\/ul>\n<p><a href=\"http:\/\/www.esbb.pt\/web\/wp-content\/uploads\/2019\/02\/Tomada-posse-AE-ESBB-2018-19-1.jpg\"><img loading=\"lazy\" decoding=\"async\" class=\"alignnone size-full wp-image-2280\" src=\"http:\/\/www.esbb.pt\/web\/wp-content\/uploads\/2019\/02\/Tomada-posse-AE-ESBB-2018-19-1.jpg\" alt=\"\" width=\"4160\" height=\"2336\" srcset=\"https:\/\/www.esbb.pt\/web\/wp-content\/uploads\/2019\/02\/Tomada-posse-AE-ESBB-2018-19-1.jpg 4160w, https:\/\/www.esbb.pt\/web\/wp-content\/uploads\/2019\/02\/Tomada-posse-AE-ESBB-2018-19-1-300x168.jpg 300w, https:\/\/www.esbb.pt\/web\/wp-content\/uploads\/2019\/02\/Tomada-posse-AE-ESBB-2018-19-1-768x431.jpg 768w, https:\/\/www.esbb.pt\/web\/wp-content\/uploads\/2019\/02\/Tomada-posse-AE-ESBB-2018-19-1-1024x575.jpg 1024w\" sizes=\"auto, (max-width: 4160px) 100vw, 4160px\" \/><\/a> <a href=\"http:\/\/www.esbb.pt\/web\/wp-content\/uploads\/2019\/02\/Tomada-posse-AE-ESBB-2018-19-3.jpg\"><img loading=\"lazy\" decoding=\"async\" class=\"alignnone size-full wp-image-2281\" src=\"http:\/\/www.esbb.pt\/web\/wp-content\/uploads\/2019\/02\/Tomada-posse-AE-ESBB-2018-19-3.jpg\" alt=\"\" width=\"4160\" height=\"2336\" srcset=\"https:\/\/www.esbb.pt\/web\/wp-content\/uploads\/2019\/02\/Tomada-posse-AE-ESBB-2018-19-3.jpg 4160w, https:\/\/www.esbb.pt\/web\/wp-content\/uploads\/2019\/02\/Tomada-posse-AE-ESBB-2018-19-3-300x168.jpg 300w, https:\/\/www.esbb.pt\/web\/wp-content\/uploads\/2019\/02\/Tomada-posse-AE-ESBB-2018-19-3-768x431.jpg 768w, https:\/\/www.esbb.pt\/web\/wp-content\/uploads\/2019\/02\/Tomada-posse-AE-ESBB-2018-19-3-1024x575.jpg 1024w\" sizes=\"auto, (max-width: 4160px) 100vw, 4160px\" \/><\/a><\/p>\n<hr \/>\n<p><b>Nos ficheiros poder\u00e1 encontrar:<\/b><\/p>\n<ul id=\"listesbb\">\n<li><a href=\"http:\/\/www.esbb.pt\/web\/wp-content\/uploads\/2017\/05\/AE_ESBB.pdf\" target=\"_blank\" rel=\"noopener noreferrer\">Estatutos da Associa\u00e7\u00e3o de Estudantes em pdf;<\/a><\/li>\n<li><a href=\"http:\/\/www.esbb.pt\/web\/wp-content\/uploads\/2017\/05\/DR_287_3serie_14_12_1988.pdf\" target=\"_blank\" rel=\"noopener noreferrer\">Publica\u00e7\u00e3o dos Estatutos em DR 287 3.\u00aa S\u00e9rie, de 14.12.1988, p\u00e1gina 21756 a 21758<\/a><\/li>\n<\/ul>\n<\/div>\n<\/div><\/div><\/div><div id=\"pgc-168-1-1\"  class=\"panel-grid-cell\" ><div id=\"panel-168-1-1-0\" class=\"so-panel widget_sow-editor panel-first-child\" data-index=\"2\" ><div class=\"panel-widget-style panel-widget-style-for-168-1-1-0\" ><div\n\t\t\t\n\t\t\tclass=\"so-widget-sow-editor so-widget-sow-editor-base\"\n\t\t\t\n\t\t>\n<div class=\"siteorigin-widget-tinymce textwidget\">\n\t<div style=\"background-color: #46bbff; text-align: center; padding-top: 20px; padding-bottom: 10px;\">\n<div><a href=\"comunidade-pagina-menu\"><span style=\"color: #ffffff;\"><i class=\"fa fa-puzzle-piece fa-3x\"><\/i><\/span><\/a><\/div>\n<div><a href=\"comunidade-pagina-menu\"><span style=\"color: #ffffff; font-size: 22pt;\">Comunidade<\/span><\/a><\/div>\n<\/div><\/div>\n<\/div><\/div><\/div><div id=\"panel-168-1-1-1\" class=\"so-panel widget_nav_menu panel-last-child\" data-index=\"3\" ><div class=\"panel-widget-style panel-widget-style-for-168-1-1-1\" ><div class=\"menu-comunidade-menu-container\"><ul id=\"menu-comunidade-menu\" class=\"menu\"><li id=\"menu-item-708\" class=\"menu-item menu-item-type-post_type menu-item-object-page menu-item-708\"><a href=\"https:\/\/www.esbb.pt\/web\/comunidade-pagina-menu\/associacao-de-estudantes\/\">Associa\u00e7\u00e3o de Estudantes<\/a><\/li>\n<li id=\"menu-item-709\" class=\"menu-item menu-item-type-post_type menu-item-object-page menu-item-709\"><a href=\"https:\/\/www.esbb.pt\/web\/comunidade-pagina-menu\/associacao-de-pais\/\">Associa\u00e7\u00e3o de Pais e Encarregados de Educa\u00e7\u00e3o<\/a><\/li>\n<li id=\"menu-item-711\" class=\"menu-item menu-item-type-post_type menu-item-object-page menu-item-711\"><a href=\"https:\/\/www.esbb.pt\/web\/comunidade-pagina-menu\/formularios-uteis\/\">Formul\u00e1rios \u00fateis<\/a><\/li>\n<li id=\"menu-item-712\" class=\"menu-item menu-item-type-post_type menu-item-object-page menu-item-712\"><a href=\"https:\/\/www.esbb.pt\/web\/comunidade-pagina-menu\/protocolos-e-acordos\/\">Protocolos e Acordos<\/a><\/li>\n<li id=\"menu-item-1284\" class=\"menu-item menu-item-type-custom menu-item-object-custom menu-item-1284\"><a href=\"https:\/\/www.ine.pt\/xportal\/xmain?xpgid=ine_main&#038;xpid=INE\">Estat\u00edsticas<\/a><\/li>\n<\/ul><\/div><\/div><\/div><\/div><\/div><\/div><\/div>","protected":false},"excerpt":{"rendered":"<p>Associa\u00e7\u00e3o de Estudantes &#8220;Participa\u00e7\u00e3o na Greve Clim\u00e1tica Estudantil &#8211; 15 de mar\u00e7o de 2019&#8221; A Greve Clim\u00e1tica Estudantil, adapta\u00e7\u00e3o portuguesa do movimento internacional &#8220;Fridays For Future&#8221;, foi o primeiro movimento que me fez mobilizar a nossa comunidade para as ruas de Set\u00fabal, para lutar pelo nosso futuro, que neste momento est\u00e1 em risco. Participaram aproximadamente &#8230; <a title=\"Associa\u00e7\u00e3o de Estudantes\" class=\"read-more\" href=\"https:\/\/www.esbb.pt\/web\/comunidade-pagina-menu\/associacao-de-estudantes\/\" aria-label=\"Leia mais sobre Associa\u00e7\u00e3o de Estudantes\">Ler mais<\/a><\/p>\n","protected":false},"author":1,"featured_media":0,"parent":31,"menu_order":0,"comment_status":"closed","ping_status":"closed","template":"","meta":{"footnotes":""},"class_list":["post-168","page","type-page","status-publish"],"_links":{"self":[{"href":"https:\/\/www.esbb.pt\/web\/wp-json\/wp\/v2\/pages\/168","targetHints":{"allow":["GET"]}}],"collection":[{"href":"https:\/\/www.esbb.pt\/web\/wp-json\/wp\/v2\/pages"}],"about":[{"href":"https:\/\/www.esbb.pt\/web\/wp-json\/wp\/v2\/types\/page"}],"author":[{"embeddable":true,"href":"https:\/\/www.esbb.pt\/web\/wp-json\/wp\/v2\/users\/1"}],"replies":[{"embeddable":true,"href":"https:\/\/www.esbb.pt\/web\/wp-json\/wp\/v2\/comments?post=168"}],"version-history":[{"count":15,"href":"https:\/\/www.esbb.pt\/web\/wp-json\/wp\/v2\/pages\/168\/revisions"}],"predecessor-version":[{"id":2431,"href":"https:\/\/www.esbb.pt\/web\/wp-json\/wp\/v2\/pages\/168\/revisions\/2431"}],"up":[{"embeddable":true,"href":"https:\/\/www.esbb.pt\/web\/wp-json\/wp\/v2\/pages\/31"}],"wp:attachment":[{"href":"https:\/\/www.esbb.pt\/web\/wp-json\/wp\/v2\/media?parent=168"}],"curies":[{"name":"wp","href":"https:\/\/api.w.org\/{rel}","templated":true}]}}